*g = -31*g + 2736. Calculate the highest common factor of 256 and g.
16
Let b(c) = 18*c - 76. Let t be b(39). Calculate the highest common factor of t and 2.
2
Suppose 19 - 17 = j. Suppose -3*o = -j*o - 173. Suppose 4*w - 785 + o = 0. What is the greatest common factor of w and 17?
17
Suppose 0 = a - 4*z - 9 - 3, -4*a - 3*z - 9 = 0. Let g be 6/45 + (a - (-896)/30). What is the highest common factor of 330 and g?
30
Suppose 1492 - 32 = 5*z. Suppose 3*k - 5*a = 299, 4*a - z = -3*k - 29. What is the highest common factor of 31 and k?
31
Let c(j) = -j**2 - 10*j - 12. Let k be c(-8). Suppose 14 - 6 = 2*n. What is the highest common divisor of k and n?
4
Let m be (-4070)/(-85) - (-6)/51. Let u = -1 - -7. What is the greatest common divisor of u and m?
6
Suppose 12*d - 3*c = 11*d + 197, 0 = 2*c - 2. Calculate the greatest common factor of d and 150.
50
Let q be (-36 - -14 - -13)/((-1)/49). Calculate the greatest common divisor of 27 and q.
9
Suppose 15*n - 272 = 1528. Calculate the highest common factor of 135 and n.
15
Let x(y) = -y**2 - 17*y - 42. Let t be x(-14). Suppose -8*a + 28*a - 2880 = t. Calculate the highest common factor of a and 16.
16
Suppose 3*i = 2*z - 46, -2*z + 30 = 3*i + 2*i. What is the highest common factor of z and 10?
10
Let n = -424 - -560. What is the highest common divisor of 170 and n?
34
Let s = -10 - -12. Let o be ((-44)/(-20)*1)/(s/10). Let j(a) = 2*a**2 - 4*a + 3. Let r be j(5). What is the highest common factor of r and o?
11
Let y = -860 - -869. What is the greatest common divisor of y and 117?
9
Suppose -12 = -4*p - 32. Let a(s) = -s**3 - 4*s**2 - 1. Let y be a(p). Let l = -9 - -21. Calculate the highest common factor of l and y.
12
Suppose 0 = -4*b + 1350 + 762. What is the highest common factor of b and 48?
48
Let q(h) = 8*h**2 - 7*h. Let m(u) = -8*u**2 + 6*u. Let s(p) = -7*m(p) - 6*q(p). Let o = 3 + -2. Let v be s(o). What is the highest common divisor of v and 2?
2
Suppose 0*a - a = -3*b + 16, a - 5*b = -26. Let q(n) = -3*n. Let o be q(a). Let y = 24 - o. Calculate the greatest common factor of 210 and y.
21
Let g = 177 + -107. What is the highest common divisor of g and 40?
10
Suppose -8*u + 16*u + 18 - 362 = 0. Let v be 301*1/(2 - 1). Calculate the highest common divisor of u and v.
43
Suppose -2*z - 10 = -4*f - z, 0 = 4*f + 5*z - 22. Suppose -78 = -f*d - 12. What is the highest common factor of d and 154?
22
Suppose -18522 = -21*p + 7*p. Calculate the highest common divisor of p and 27.
27
Let a(c) be the third derivative of -c**6/120 - 7*c**5/60 - c**4/6 - c**3 + c**2. Let g be a(-7). Calculate the highest common factor of 44 and g.
22
Suppose 0 = -2*l - 4*b + 12, -3*b + 2*b = -3*l + 18. Let h be (0/1)/(-5 + l). Let i be 85 - (h + -1)*-1. What is the highest common factor of 56 and i?
28
Let q be 344/129*(-21)/(-4). Calculate the highest common factor of 126 and q.
14
Let z = -1024 - -1825. What is the highest common factor of z and 178?
89
Let h = -70 - -178. Let i = 121 - h. Calculate the greatest common divisor of i and 91.
13
Let x = -37 - -39. Suppose -u = -4*u - 4*k + 517, -k + 348 = x*u. Calculate the highest common factor of 35 and u.
35
Let a = 984 - 790. What is the highest common factor of a and 1067?
97
Let m(h) = -h**2 - 93*h + 575. Let w be m(-95). Let l be -88 - 2/1*-1. Let s = -51 - l. What is the highest common factor of w and s?
35
Let a = -36 + 100. Suppose 25 = -5*b, -5*o = -2*b - 77 + 17. Suppose -14 = -3*v + o. What is the highest common factor of a and v?
8
Let f = 35 - 30. Suppose -f*l + 10 = -5. Calculate the highest common factor of l and 2.
1
Suppose 0 = 3*o - 4*n - 3321, -4*o + 3*n - 1633 = -6068. What is the highest common divisor of o and 101?
101
Let s = -11 - -15. Let t be 1295/74*(-16)/(-10). Calculate the highest common divisor of s and t.
4
Suppose -i = -4 - 5. Let x be 0 + -1 - 76/(-2). Let v = x - i. What is the greatest common divisor of 4 and v?
4
Let b(h) be the second derivative of h**5/20 + h**4/2 + h**3/2 - 4*h**2 - 3*h. Let i be b(-5). What is the greatest common divisor of 5 and i?
1
Let r = -198 + 222. Calculate the highest common divisor of r and 48.
24
Let s be (-9 - 0)*(-50)/75 + -4. Calculate the greatest common factor of s and 32.
2
Suppose -82*v + 60 = -77*v. Let r(a) = -a + 65. Let k be r(0). Let h = 19 + k. Calculate the highest common divisor of v and h.
12
Suppose -21 - 3 = 2*x. Let n be 24*x/(-9) + 4. Suppose 0 = k - 3*c - 0 - 6, c = 1. What is the highest common divisor of k and n?
9
Suppose -5*q = -3*m + 91, 2 = 3*q - 1. Suppose -u - 22 = 2*f - 96, 2*f + 246 = 3*u. Calculate the greatest common factor of u and m.
16
Let x = -8590 - -8676. Suppose w + 1 = 0, 4*w - 211 = -u - 4*u. What is the highest common divisor of x and u?
43
Suppose 2*j = 3*b + 243, -2*b = j - 5*b - 123. What is the greatest common factor of 160 and j?
40
Suppose 1289*a = 1288*a + 731. Calculate the highest common divisor of a and 129.
43
Let m(k) = 2*k**2 + 277*k + 840. Let l be m(-3). Suppose 95 = -5*t + 1040. What is the greatest common divisor of l and t?
27
Suppose 3*t + 5*m + 0 = -1, 3*m = -15. What is the highest common divisor of t and 64?
8
Suppose -2*i + 5*j + 25 = 0, -4*i - i = 3*j + 15. Suppose i*v = -2*v + 592. Let u = -388 + 425. What is the highest common factor of u and v?
37
Let t(w) = 17*w + 2. Let p(b) = b**3 + 11*b**2 - 13*b - 14. Let r be p(-12). Let f be t(r). Let v = f - -49. Calculate the highest common factor of 51 and v.
17
Let i be 147/8 - ((-168)/64 - -3). Calculate the greatest common factor of 36 and i.
18
Let k(y) = 32*y + 74. Let q be k(-2). What is the highest common factor of q and 20?
10
Let o be 18/(-27) - (-23)/3. Let u(p) = 7*p + 14. Let q be 3*(-3 - (-25)/5). Let s be u(q). Calculate the highest common divisor of s and o.
7
Let f = -948 - -953. Calculate the highest common divisor of 1255 and f.
5
Let h be 3/3*(13 - 4). Suppose -14*u + 5 = -h*u. What is the greatest common divisor of 1 and u?
1
Suppose 116 = 6*f + 14. Let m = 26 + 8. What is the highest common divisor of m and f?
17
Suppose -2*i = -32 + 12. What is the greatest common factor of i and 530?
10
Suppose 0 = 3*p - p - 6. Let r be 0 + p - (-20 + 16). Calculate the greatest common divisor of r and 49.
7
Suppose 2*f - 10 - 326 = 0. Suppose -5*v - 7*z + f = -5*z, -4*v - 5*z = -148. Calculate the greatest common divisor of 48 and v.
16
Let j(r) = r**3 + 8*r**2 - 2*r - 2. Let y be j(-6). Calculate the greatest common factor of y and 2.
2
Let t(b) = -b**2 - 14*b - 24. Let i be t(-8). Let s be 2 - 0 - -7*2. Calculate the highest common factor of i and s.
8
Suppose 0 = 2*u - 0*u - 140. Calculate the highest common factor of 80 and u.
10
Let d(s) = s**3 + s**2 + 9. Let u be d(0). Let b(v) = v**3 + 10*v**2 + 5*v - 43. Let i be b(-8). Calculate the greatest common divisor of i and u.
9
Let l = -46 + 54. Suppose -5*c + l*c - 21 = 0. Let i = -1 - -2. Calculate the highest common factor of c and i.
1
Let p(w) = -3*w - 41. Let l(c) = 10*c + 123. Let n(a) = 4*l(a) + 11*p(a). Let i be n(13). Calculate the highest common factor of 12 and i.
12
Suppose 2*l + 40 = 4*l. Let w be 6/21 + 4320/21. Suppose k + w = 5*c - 48, 3*c - 3*k = 162. Calculate the highest common divisor of l and c.
10
Let s(d) = -5 + 5*d + d - d - d. Let t be s(5). Suppose 0 = -5*v + t + 10. What is the greatest common divisor of 15 and v?
5
Let r = 9 - 4. Suppose 0 = 4*d + r*y - 2*y - 483, -5*d - 3*y + 600 = 0. Let x = -10 - -23. What is the highest common factor of d and x?
13
Let c(y) = -21 + 34 - 23 - 3*y. Let l be c(-5). What is the greatest common divisor of l and 5?
5
Suppose -2*x - 2*x = -320. Let n(s) = 2*s**3 - 54*s**2 + 6*s - 142. Let i be n(27). What is the greatest common divisor of i and x?
20
Let z be 81 + -80 + 518/2. Calculate the highest common factor of 40 and z.
20
Suppose t = -2*t. Let d(p) = p**3 + p**2 - p + 99. Let x be d(t). What is the highest common factor of 11 and x?
11
Let n(g) = 7*g + 14. Let j be n(-5). Let w be 4 - j/(4 + -1). Let q(k) = k**2 - k - 13. Let z be q(10). What is the greatest common divisor of w and z?
11
Let p be (144/180)/(2/150). Calculate the highest common divisor of 24 and p.
12
Let m(b) = b**2 + 34*b + 295. Let i be m(-35). Let v = -3 - -33. Calculate the highest common factor